{"id":25,"date":"2020-07-22T12:15:00","date_gmt":"2020-07-22T12:15:00","guid":{"rendered":"http:\/\/senior.csongrad.hu\/wordpress\/?page_id=25"},"modified":"2025-05-19T06:31:48","modified_gmt":"2025-05-19T06:31:48","slug":"rolunk","status":"publish","type":"page","link":"http:\/\/senior.csongrad.hu\/wordpress\/","title":{"rendered":"R\u00f3lunk"},"content":{"rendered":"\t\t<div data-elementor-type=\"wp-page\" data-elementor-id=\"25\" class=\"elementor elementor-25\">\n\t\t\t\t\t\t<section class=\"elementor-section elementor-top-section elementor-element elementor-element-26114fd elementor-section-full_width elementor-section-height-default elementor-section-height-default\" data-id=\"26114fd\" data-element_type=\"section\" data-settings=\"{&quot;background_background&quot;:&quot;classic&quot;}\">\n\t\t\t\t\t\t\t<div class=\"elementor-background-overlay\"><\/div>\n\t\t\t\t\t\t\t<div class=\"elementor-container elementor-column-gap-default\">\n\t\t\t\t\t<div class=\"elementor-column elementor-col-100 elementor-top-column elementor-element elementor-element-05a0a29\" data-id=\"05a0a29\" data-element_type=\"column\">\n\t\t\t<div class=\"elementor-widget-wrap elementor-element-populated\">\n\t\t\t\t\t\t<section class=\"elementor-section elementor-inner-section elementor-element elementor-element-122a766 elementor-section-full_width elementor-section-height-default elementor-section-height-default\" data-id=\"122a766\" data-element_type=\"section\">\n\t\t\t\t\t\t<div class=\"elementor-container elementor-column-gap-default\">\n\t\t\t\t\t<div class=\"elementor-column elementor-col-50 elementor-inner-column elementor-element elementor-element-8efc3d3\" data-id=\"8efc3d3\" data-element_type=\"column\">\n\t\t\t<div class=\"elementor-widget-wrap\">\n\t\t\t\t\t\t\t<\/div>\n\t\t<\/div>\n\t\t\t\t<div class=\"elementor-column elementor-col-50 elementor-inner-column elementor-element elementor-element-934fec1\" data-id=\"934fec1\" data-element_type=\"column\">\n\t\t\t<div class=\"elementor-widget-wrap elementor-element-populated\">\n\t\t\t\t\t\t<div class=\"elementor-element elementor-element-a80f9d6 elementor-widget elementor-widget-text-editor\" data-id=\"a80f9d6\" data-element_type=\"widget\" data-widget_type=\"text-editor.default\">\n\t\t\t\t<div class=\"elementor-widget-container\">\n\t\t\t\t\t\t\t\t\t<h3>\u00dcdv a Csongr\u00e1di Senior \u00dasz\u00f3 \u00e9s Szabadid\u0151 Sportegyes\u00fclet weboldal\u00e1n!<\/h3>\t\t\t\t\t\t\t\t<\/div>\n\t\t\t\t<\/div>\n\t\t\t\t<div class=\"elementor-element elementor-element-2a5bb37 elementor-align-center elementor-widget elementor-widget-button\" data-id=\"2a5bb37\" data-element_type=\"widget\" data-widget_type=\"button.default\">\n\t\t\t\t<div class=\"elementor-widget-container\">\n\t\t\t\t\t\t\t\t\t<div class=\"elementor-button-wrapper\">\n\t\t\t\t\t<a class=\"elementor-button elementor-button-link elementor-size-md\" href=\"#\">\n\t\t\t\t\t\t<span class=\"elementor-button-content-wrapper\">\n\t\t\t\t\t\t\t\t\t<span class=\"elementor-button-text\">Aktu\u00e1lis<\/span>\n\t\t\t\t\t<\/span>\n\t\t\t\t\t<\/a>\n\t\t\t\t<\/div>\n\t\t\t\t\t\t\t\t<\/div>\n\t\t\t\t<\/div>\n\t\t\t\t\t<\/div>\n\t\t<\/div>\n\t\t\t\t\t<\/div>\n\t\t<\/section>\n\t\t\t\t\t<\/div>\n\t\t<\/div>\n\t\t\t\t\t<\/div>\n\t\t<\/section>\n\t\t\t\t<section class=\"elementor-section elementor-top-section elementor-element elementor-element-7e8f7cc elementor-section-boxed elementor-section-height-default elementor-section-height-default\" data-id=\"7e8f7cc\" data-element_type=\"section\">\n\t\t\t\t\t\t<div class=\"elementor-container elementor-column-gap-default\">\n\t\t\t\t\t<div class=\"elementor-column elementor-col-100 elementor-top-column elementor-element elementor-element-461ac37\" data-id=\"461ac37\" data-element_type=\"column\">\n\t\t\t<div class=\"elementor-widget-wrap elementor-element-populated\">\n\t\t\t\t\t\t<div class=\"elementor-element elementor-element-08f7d55 elementor-widget elementor-widget-heading\" data-id=\"08f7d55\" data-element_type=\"widget\" data-widget_type=\"heading.default\">\n\t\t\t\t<div class=\"elementor-widget-container\">\n\t\t\t\t\t<h2 class=\"elementor-heading-title elementor-size-default\">Legut\u00f3bbi h\u00edrek<\/h2>\t\t\t\t<\/div>\n\t\t\t\t<\/div>\n\t\t\t\t<div class=\"elementor-element elementor-element-0833e46 elementor-grid-3 elementor-grid-tablet-2 elementor-grid-mobile-1 elementor-widget elementor-widget-elementor-blog-posts\" data-id=\"0833e46\" data-element_type=\"widget\" data-settings=\"{&quot;columns&quot;:&quot;3&quot;,&quot;columns_tablet&quot;:&quot;2&quot;,&quot;columns_mobile&quot;:&quot;1&quot;}\" data-widget_type=\"elementor-blog-posts.default\">\n\t\t\t\t<div class=\"elementor-widget-container\">\n\t\t\t\t\t\t\t<div class=\"wpcap-grid\">\n\t\t\t\t\t\t<div class=\"wpcap-grid-container elementor-grid wpcap-grid-desktop-3 wpcap-grid-tablet-2 wpcap-grid-mobile-1\">\n\n\t\t\t\t\n        <article id=\"post-1089\" class=\"wpcap-post post-1089 post type-post status-publish format-standard has-post-thumbnail hentry category-egyeb\">\n         \n            <div class=\"post-grid-inner\">\n            \t\n                \t\t<h4 class=\"title\">\n\t\t\t<a href=\"http:\/\/senior.csongrad.hu\/wordpress\/2025\/09\/10\/szureti-hetvege-informaciok\/\">SZ\u00dcRETI H\u00c9TV\u00c9GE Inform\u00e1ci\u00f3k:<\/a>\n\t\t<\/h4>\n\t\t                \n                \t\t<div class=\"post-grid-meta\">\n\t\t\t\n\t\t\t\t<span class=\"post-date\"><time datetime=\"2025-09-10T08:16:11+00:00\">2025-09-10<\/time><\/span>\n\n\t\t\t\t<span class=\"post-categories\"><a href=\"http:\/\/senior.csongrad.hu\/wordpress\/category\/egyeb\/\" rel=\"category tag\">Egy\u00e9b<\/a><\/span>\t\t<\/div>\n\t\t            \t\n                \t\t\t<div class=\"post-grid-thumbnail\">\n\t\t\t\t<a href=\"http:\/\/senior.csongrad.hu\/wordpress\/2025\/09\/10\/szureti-hetvege-informaciok\/\">\n\t\t\t\t\t<img fetchpriority=\"high\" decoding=\"async\" width=\"1200\" height=\"800\" src=\"http:\/\/senior.csongrad.hu\/wordpress\/wp-content\/uploads\/2025\/09\/banner.jpg\" class=\"attachment-full size-full wp-post-image\" alt=\"\" srcset=\"http:\/\/senior.csongrad.hu\/wordpress\/wp-content\/uploads\/2025\/09\/banner.jpg 1200w, http:\/\/senior.csongrad.hu\/wordpress\/wp-content\/uploads\/2025\/09\/banner-300x200.jpg 300w, http:\/\/senior.csongrad.hu\/wordpress\/wp-content\/uploads\/2025\/09\/banner-1024x683.jpg 1024w, http:\/\/senior.csongrad.hu\/wordpress\/wp-content\/uploads\/2025\/09\/banner-768x512.jpg 768w\" sizes=\"(max-width: 1200px) 100vw, 1200px\" \/>\t\t\t\t<\/a>\n\t\t\t<\/div>\n        \n                <div class=\"post-grid-text-wrap\">\n\t                \t\t<div class=\"post-grid-excerpt\">\n\t\t\t<p>SZ\u00dcRETI H\u00c9TV\u00c9GEInform\u00e1ci\u00f3k:Programok: 09.19., p\u00e9nteken, 17 \u00f3r\u00e1t\u00f3l- 09.20. szombat 02 \u00f3r\u00e1ig,17.15 Egy\u00fctt Csongr\u00e1d J\u00f6v\u0151j\u00e9\u00e9rt Kultur\u00e1lis \u00e9s Sport Egyes\u00fclet meglepet\u00e9s m\u0171soraMandula Sz\u00ednh\u00e1z zen\u00e9s, interakt\u00edv gyerekm\u0171sora17.30 K\u00fcrt\u0151skal\u00e1cs \u00e9s&hellip;<\/p>\n\t\t<\/div>\n\t\t\t                \t\t<a class=\"read-more-btn\" href=\"http:\/\/senior.csongrad.hu\/wordpress\/2025\/09\/10\/szureti-hetvege-informaciok\/\">Tov\u00e1bb \u00bb<\/a>\n\t\t                <\/div>\n\n            <\/div><!-- .blog-inner -->\n           \n        <\/article>\n\n        \n        <article id=\"post-1072\" class=\"wpcap-post post-1072 post type-post status-publish format-standard has-post-thumbnail hentry category-egyeb\">\n         \n            <div class=\"post-grid-inner\">\n            \t\n                \t\t<h4 class=\"title\">\n\t\t\t<a href=\"http:\/\/senior.csongrad.hu\/wordpress\/2025\/09\/08\/szureti-hetvege-xvi-kaposztafozo-verseny-plakat\/\">Sz\u00fcreti H\u00e9tv\u00e9ge- XVI. K\u00e1posztaf\u0151z\u0151 Verseny | Plak\u00e1t<\/a>\n\t\t<\/h4>\n\t\t                \n                \t\t<div class=\"post-grid-meta\">\n\t\t\t\n\t\t\t\t<span class=\"post-date\"><time datetime=\"2025-09-08T08:17:40+00:00\">2025-09-08<\/time><\/span>\n\n\t\t\t\t<span class=\"post-categories\"><a href=\"http:\/\/senior.csongrad.hu\/wordpress\/category\/egyeb\/\" rel=\"category tag\">Egy\u00e9b<\/a><\/span>\t\t<\/div>\n\t\t            \t\n                \t\t\t<div class=\"post-grid-thumbnail\">\n\t\t\t\t<a href=\"http:\/\/senior.csongrad.hu\/wordpress\/2025\/09\/08\/szureti-hetvege-xvi-kaposztafozo-verseny-plakat\/\">\n\t\t\t\t\t<img fetchpriority=\"high\" decoding=\"async\" width=\"1200\" height=\"800\" src=\"http:\/\/senior.csongrad.hu\/wordpress\/wp-content\/uploads\/2025\/09\/banner.jpg\" class=\"attachment-full size-full wp-post-image\" alt=\"\" srcset=\"http:\/\/senior.csongrad.hu\/wordpress\/wp-content\/uploads\/2025\/09\/banner.jpg 1200w, http:\/\/senior.csongrad.hu\/wordpress\/wp-content\/uploads\/2025\/09\/banner-300x200.jpg 300w, http:\/\/senior.csongrad.hu\/wordpress\/wp-content\/uploads\/2025\/09\/banner-1024x683.jpg 1024w, http:\/\/senior.csongrad.hu\/wordpress\/wp-content\/uploads\/2025\/09\/banner-768x512.jpg 768w\" sizes=\"(max-width: 1200px) 100vw, 1200px\" \/>\t\t\t\t<\/a>\n\t\t\t<\/div>\n        \n                <div class=\"post-grid-text-wrap\">\n\t                \t\t<div class=\"post-grid-excerpt\">\n\t\t\t\t\t<\/div>\n\t\t\t                \t\t<a class=\"read-more-btn\" href=\"http:\/\/senior.csongrad.hu\/wordpress\/2025\/09\/08\/szureti-hetvege-xvi-kaposztafozo-verseny-plakat\/\">Tov\u00e1bb \u00bb<\/a>\n\t\t                <\/div>\n\n            <\/div><!-- .blog-inner -->\n           \n        <\/article>\n\n        \n        <article id=\"post-1050\" class=\"wpcap-post post-1050 post type-post status-publish format-standard has-post-thumbnail hentry category-egyeb\">\n         \n            <div class=\"post-grid-inner\">\n            \t\n                \t\t<h4 class=\"title\">\n\t\t\t<a href=\"http:\/\/senior.csongrad.hu\/wordpress\/2025\/09\/02\/szureti-hetvege-xvi-kaposztafozo-verseny-jelentkezesi-urlap\/\">Sz\u00fcreti H\u00e9tv\u00e9ge- XVI. K\u00e1posztaf\u0151z\u0151 Verseny | Jelentkez\u00e9si \u0171rlap<\/a>\n\t\t<\/h4>\n\t\t                \n                \t\t<div class=\"post-grid-meta\">\n\t\t\t\n\t\t\t\t<span class=\"post-date\"><time datetime=\"2025-09-02T11:20:28+00:00\">2025-09-02<\/time><\/span>\n\n\t\t\t\t<span class=\"post-categories\"><a href=\"http:\/\/senior.csongrad.hu\/wordpress\/category\/egyeb\/\" rel=\"category tag\">Egy\u00e9b<\/a><\/span>\t\t<\/div>\n\t\t            \t\n                \t\t\t<div class=\"post-grid-thumbnail\">\n\t\t\t\t<a href=\"http:\/\/senior.csongrad.hu\/wordpress\/2025\/09\/02\/szureti-hetvege-xvi-kaposztafozo-verseny-jelentkezesi-urlap\/\">\n\t\t\t\t\t<img decoding=\"async\" width=\"1200\" height=\"628\" src=\"http:\/\/senior.csongrad.hu\/wordpress\/wp-content\/uploads\/2025\/09\/jelentkezesi2.jpg\" class=\"attachment-full size-full wp-post-image\" alt=\"\" srcset=\"http:\/\/senior.csongrad.hu\/wordpress\/wp-content\/uploads\/2025\/09\/jelentkezesi2.jpg 1200w, http:\/\/senior.csongrad.hu\/wordpress\/wp-content\/uploads\/2025\/09\/jelentkezesi2-300x157.jpg 300w, http:\/\/senior.csongrad.hu\/wordpress\/wp-content\/uploads\/2025\/09\/jelentkezesi2-1024x536.jpg 1024w, http:\/\/senior.csongrad.hu\/wordpress\/wp-content\/uploads\/2025\/09\/jelentkezesi2-768x402.jpg 768w\" sizes=\"(max-width: 1200px) 100vw, 1200px\" \/>\t\t\t\t<\/a>\n\t\t\t<\/div>\n        \n                <div class=\"post-grid-text-wrap\">\n\t                \t\t<div class=\"post-grid-excerpt\">\n\t\t\t<p>Jelentkez\u00e9si \u0171rlap: Itt<\/p>\n\t\t<\/div>\n\t\t\t                \t\t<a class=\"read-more-btn\" href=\"http:\/\/senior.csongrad.hu\/wordpress\/2025\/09\/02\/szureti-hetvege-xvi-kaposztafozo-verseny-jelentkezesi-urlap\/\">Tov\u00e1bb \u00bb<\/a>\n\t\t                <\/div>\n\n            <\/div><!-- .blog-inner -->\n           \n        <\/article>\n\n        \n\t\t\t<\/div>\n\t\t<\/div>\n\t\t\t\t\t\t<\/div>\n\t\t\t\t<\/div>\n\t\t\t\t<div class=\"elementor-element elementor-element-fbc9107 elementor-align-center elementor-widget elementor-widget-button\" data-id=\"fbc9107\" data-element_type=\"widget\" data-widget_type=\"button.default\">\n\t\t\t\t<div class=\"elementor-widget-container\">\n\t\t\t\t\t\t\t\t\t<div class=\"elementor-button-wrapper\">\n\t\t\t\t\t<a class=\"elementor-button elementor-button-link elementor-size-md\" href=\"https:\/\/senior.csongrad.hu\/wordpress\/rendezvenyek\/\">\n\t\t\t\t\t\t<span class=\"elementor-button-content-wrapper\">\n\t\t\t\t\t\t\t\t\t<span class=\"elementor-button-text\">M\u00c9G T\u00d6BB H\u00cdR<\/span>\n\t\t\t\t\t<\/span>\n\t\t\t\t\t<\/a>\n\t\t\t\t<\/div>\n\t\t\t\t\t\t\t\t<\/div>\n\t\t\t\t<\/div>\n\t\t\t\t\t<\/div>\n\t\t<\/div>\n\t\t\t\t\t<\/div>\n\t\t<\/section>\n\t\t\t\t<section class=\"elementor-section elementor-top-section elementor-element elementor-element-71f93de elementor-section-boxed elementor-section-height-default elementor-section-height-default\" data-id=\"71f93de\" data-element_type=\"section\" data-settings=\"{&quot;background_background&quot;:&quot;classic&quot;}\">\n\t\t\t\t\t\t<div class=\"elementor-container elementor-column-gap-default\">\n\t\t\t\t\t<div class=\"elementor-column elementor-col-100 elementor-top-column elementor-element elementor-element-b8e88a4\" data-id=\"b8e88a4\" data-element_type=\"column\">\n\t\t\t<div class=\"elementor-widget-wrap elementor-element-populated\">\n\t\t\t\t\t\t<div class=\"elementor-element elementor-element-dd722df elementor-widget elementor-widget-heading\" data-id=\"dd722df\" data-element_type=\"widget\" data-widget_type=\"heading.default\">\n\t\t\t\t<div class=\"elementor-widget-container\">\n\t\t\t\t\t<h2 class=\"elementor-heading-title elementor-size-default\">Az egyes\u00fclet<\/h2>\t\t\t\t<\/div>\n\t\t\t\t<\/div>\n\t\t\t\t<section class=\"elementor-section elementor-inner-section elementor-element elementor-element-e939c84 elementor-section-boxed elementor-section-height-default elementor-section-height-default\" data-id=\"e939c84\" data-element_type=\"section\">\n\t\t\t\t\t\t<div class=\"elementor-container elementor-column-gap-default\">\n\t\t\t\t\t<div class=\"elementor-column elementor-col-100 elementor-inner-column elementor-element elementor-element-3102e2c\" data-id=\"3102e2c\" data-element_type=\"column\">\n\t\t\t<div class=\"elementor-widget-wrap elementor-element-populated\">\n\t\t\t\t\t\t<div class=\"elementor-element elementor-element-58f295d elementor-widget elementor-widget-image\" data-id=\"58f295d\" data-element_type=\"widget\" data-widget_type=\"image.default\">\n\t\t\t\t<div class=\"elementor-widget-container\">\n\t\t\t\t\t\t\t\t\t\t\t\t\t\t\t<img decoding=\"async\" width=\"580\" height=\"326\" src=\"http:\/\/senior.csongrad.hu\/wordpress\/wp-content\/uploads\/2020\/09\/weblapk\u00e9p-1024x576.jpg\" class=\"attachment-large size-large wp-image-210\" alt=\"\" srcset=\"http:\/\/senior.csongrad.hu\/wordpress\/wp-content\/uploads\/2020\/09\/weblapk\u00e9p-1024x576.jpg 1024w, http:\/\/senior.csongrad.hu\/wordpress\/wp-content\/uploads\/2020\/09\/weblapk\u00e9p-300x169.jpg 300w, http:\/\/senior.csongrad.hu\/wordpress\/wp-content\/uploads\/2020\/09\/weblapk\u00e9p-768x432.jpg 768w, http:\/\/senior.csongrad.hu\/wordpress\/wp-content\/uploads\/2020\/09\/weblapk\u00e9p-1536x864.jpg 1536w, http:\/\/senior.csongrad.hu\/wordpress\/wp-content\/uploads\/2020\/09\/weblapk\u00e9p-1200x675.jpg 1200w, http:\/\/senior.csongrad.hu\/wordpress\/wp-content\/uploads\/2020\/09\/weblapk\u00e9p-1980x1114.jpg 1980w, http:\/\/senior.csongrad.hu\/wordpress\/wp-content\/uploads\/2020\/09\/weblapk\u00e9p.jpg 2016w\" sizes=\"(max-width: 580px) 100vw, 580px\" \/>\t\t\t\t\t\t\t\t\t\t\t\t\t\t\t<\/div>\n\t\t\t\t<\/div>\n\t\t\t\t<div class=\"elementor-element elementor-element-e206519 elementor-widget elementor-widget-text-editor\" data-id=\"e206519\" data-element_type=\"widget\" data-widget_type=\"text-editor.default\">\n\t\t\t\t<div class=\"elementor-widget-container\">\n\t\t\t\t\t\t\t\t\t<p>Az egyes\u00fclet \u00e9vek \u00f3ta c\u00e9lul t\u0171zte ki a k\u00f6z\u00f6ss\u00e9gszervez\u00e9st, a versenyek lebonyol\u00edt\u00e1s\u00e1t \u00e9s a j\u00f3 hangulatot. Sz\u00e1mos rendezv\u00e9nynek ad teret a versenyekt\u0151l az adventi id\u0151szakig. Fut\u00f3 \u00e9s \u00fasz\u00f3versenyeink mellett a k\u00e1posztaf\u0151z\u0151 fesztiv\u00e1l, a cs\u00edram\u00e1l\u00e9 vagy a szarvask\u00e9sz\u00edt\u0151 programok is helyet kapnak.<\/p>\t\t\t\t\t\t\t\t<\/div>\n\t\t\t\t<\/div>\n\t\t\t\t<div class=\"elementor-element elementor-element-0c7088c elementor-align-center elementor-widget elementor-widget-button\" data-id=\"0c7088c\" data-element_type=\"widget\" data-widget_type=\"button.default\">\n\t\t\t\t<div class=\"elementor-widget-container\">\n\t\t\t\t\t\t\t\t\t<div class=\"elementor-button-wrapper\">\n\t\t\t\t\t<a class=\"elementor-button elementor-button-link elementor-size-sm\" href=\"https:\/\/www.instagram.com\/csongradiseniorok\/\" target=\"_blank\">\n\t\t\t\t\t\t<span class=\"elementor-button-content-wrapper\">\n\t\t\t\t\t\t\t\t\t<span class=\"elementor-button-text\">N\u00e9zd meg az Instagrammunkat!<\/span>\n\t\t\t\t\t<\/span>\n\t\t\t\t\t<\/a>\n\t\t\t\t<\/div>\n\t\t\t\t\t\t\t\t<\/div>\n\t\t\t\t<\/div>\n\t\t\t\t\t<\/div>\n\t\t<\/div>\n\t\t\t\t\t<\/div>\n\t\t<\/section>\n\t\t\t\t\t<\/div>\n\t\t<\/div>\n\t\t\t\t\t<\/div>\n\t\t<\/section>\n\t\t\t\t<\/div>\n\t\t","protected":false},"excerpt":{"rendered":"<p>\u00dcdv a Csongr\u00e1di Senior \u00dasz\u00f3 \u00e9s Szabadid\u0151 Sportegyes\u00fclet weboldal\u00e1n! Aktu\u00e1lis Legut\u00f3bbi h\u00edrek Orsz\u00e1gos senior \u00fasz\u00f3verseny 2025 2025-05-17 \u00fasz\u00f3verseny A verseny le\u00edr\u00e1sa: Itt \u00e9rheted el A verseny felh\u00edv\u00e1sa: Itt \u00e9rheted el Nevez\u00e9s: Itt \u00e9rheted el Tov\u00e1bb \u00bb Jelentkezz \u00f6nk\u00e9ntesnek &#8211; K\u00f6z\u00f6ss\u00e9gi szolg\u00e1lat a Ponty &#8211; Porontyok \u00fasz\u00f3versenyre 2025-05-15 \u00fasz\u00f3verseny Tov\u00e1bb \u00bb Ponty-Porontyok \u00dasz\u00f3verseny 2025 2025-05-15 \u00fasz\u00f3verseny [&hellip;]<\/p>\n","protected":false},"author":1,"featured_media":0,"parent":0,"menu_order":0,"comment_status":"closed","ping_status":"closed","template":"elementor_header_footer","meta":{"footnotes":""},"class_list":["post-25","page","type-page","status-publish","hentry"],"_links":{"self":[{"href":"http:\/\/senior.csongrad.hu\/wordpress\/wp-json\/wp\/v2\/pages\/25","targetHints":{"allow":["GET"]}}],"collection":[{"href":"http:\/\/senior.csongrad.hu\/wordpress\/wp-json\/wp\/v2\/pages"}],"about":[{"href":"http:\/\/senior.csongrad.hu\/wordpress\/wp-json\/wp\/v2\/types\/page"}],"author":[{"embeddable":true,"href":"http:\/\/senior.csongrad.hu\/wordpress\/wp-json\/wp\/v2\/users\/1"}],"replies":[{"embeddable":true,"href":"http:\/\/senior.csongrad.hu\/wordpress\/wp-json\/wp\/v2\/comments?post=25"}],"version-history":[{"count":22,"href":"http:\/\/senior.csongrad.hu\/wordpress\/wp-json\/wp\/v2\/pages\/25\/revisions"}],"predecessor-version":[{"id":1017,"href":"http:\/\/senior.csongrad.hu\/wordpress\/wp-json\/wp\/v2\/pages\/25\/revisions\/1017"}],"wp:attachment":[{"href":"http:\/\/senior.csongrad.hu\/wordpress\/wp-json\/wp\/v2\/media?parent=25"}],"curies":[{"name":"wp","href":"https:\/\/api.w.org\/{rel}","templated":true}]}}